ine l(32).
0
Let g(i) = 306*i - 943. Calculate g(3).
-25
Let d(t) = -2*t**2 + 368*t + 2195. Calculate d(-6).
-85
Let q(a) = -3*a**2 + 3*a + 46. Give q(-6).
-80
Let x(l) = 854*l + 1693. What is x(-2)?
-15
Let d(w) = -28*w - 58. Give d(-7).
138
Let l(m) = -14*m + 96. What is l(9)?
-30
Let p(l) = -464*l + 10. Give p(0).
10
Let b(x) = -224*x + 11385. Calculate b(51).
-39
Let z(l) = l**3 - 39*l**2 - 21*l - 732. Give z(40).
28
Let s(i) = 18*i + 201. Calculate s(-8).
57
Let r(l) = 11*l - 875. Give r(46).
-369
Let y(d) = -13*d**2 - 224*d + 12. What is y(-18)?
-168
Let g(x) = -12*x**2 - 71*x + 221. Calculate g(3).
-100
Let p(x) = 61*x**3 + 7*x**2 - 3*x. Give p(-1).
-51
Let c(i) = -6*i**3 + 6*i**2 + 80*i + 75. Give c(-1).
7
Let j(r) = 4*r**2 - 8*r - 8. What is j(3)?
4
Let f(l) = -l**2 + 44*l - 242. What is f(39)?
-47
Let s(a) = a**3 - 15*a**2 + 25*a - 35. Determine s(13).
-48
Let w(a) = -a**3 - 7*a**2 - 39*a - 141. Give w(-5).
4
Let u(q) = -q**2 + 154*q - 747. Determine u(5).
-2
Let d(x) = x**3 + 2*x**2 - 71*x - 1. What is d(-9)?
71
Let j(u) = 2*u**2 + 30*u - 215. Calculate j(-20).
-15
Let l(t) = 1162*t - 4646. Give l(4).
2
Let l(d) = 1004*d - 2999. Calculate l(3).
13
Let h(m) = m**2 - 9*m - 97. What is h(0)?
-97
Let u(f) = 5*f**3 + 130*f**2 - 12. Calculate u(-26).
-12
Let a(n) = n**3 - 8*n**2 - 239*n + 10. Calculate a(20).
30
Let n(i) = -109*i**3 + 8*i**2 - 4*i - 14. Determine n(-2).
898
Let x(l) = -6*l + 67. Determine x(20).
-53
Let i(f) = f**3 + 8*f**2 + 3*f - 38. Calculate i(-10).
-268
Let w(g) = g**3 + 12*g**2 - 72*g + 22. Give w(-16).
150
Let y(q) = -7*q**2 - 324*q - 84. Give y(-46).
8
Let t(l) = -10*l**2 + 300*l + 10. Calculate t(30).
10
Let j(t) = -94*t - 13018. What is j(-138)?
-46
Let n(w) = w**3 + 15*w**2 + 4*w + 19. Determine n(-16).
-301
Let f(m) = -9*m**2 + 108*m + 42. Determine f(12).
42
Let m(k) = -k**3 + 14*k**2 + 106*k - 32. Determine m(21).
-893
Let c(l) = l**2 + 30*l + 14. Calculate c(-35).
189
Let p(g) = -4*g**2 + 34*g - 26. Give p(12).
-194
Let z(t) = t**3 - t**2 + 198*t + 410. What is z(-2)?
2
Let j(w) = -w**2 - 120*w - 293. What is j(-117)?
58
Let n(p) = 188*p + 17521. What is n(-93)?
37
Let l(y) = -36*y**2 - 131*y + 221. Determine l(-5).
-24
Let h(q) = -4*q**2 - 23*q - 22. What is h(-1)?
-3
Let s(f) = 963*f**2 - 65*f - 66. Determine s(-1).
962
Let i(n) = -n**3 + 26*n**2 - 15*n - 265. Determine i(25).
-15
Let i(f) = 66*f - 448. What is i(11)?
278
Let o(r) = 10*r + 322. What is o(-32)?
2
Let s(r) = r**3 - 27*r**2 - 66*r + 464. Determine s(29).
232
Let p(a) = 2*a**2 - 28*a + 44. Calculate p(8).
-52
Let t(c) = -18*c - 1161. Give t(-65).
9
Let o(u) = -u**3 + 75*u**2 + 74*u + 138. Give o(76).
-14
Let j(w) = -11*w**3 + 5*w**2 - 8*w + 9. Calculate j(2).
-75
Let z(o) = -31*o**2 + 83*o + 1. Give z(3).
-29
Let n(q) = -q**2 - 17*q - 15. Determine n(-20).
-75
Let z(v) = 3*v**2 + 143*v - 81. Calculate z(-48).
-33
Let q(a) = -a**3 + 11*a**2 + 18*a - 122. Determine q(12).
-50
Let h(a) = -a**3 - 78*a**2 - 79*a - 199. Calculate h(-77).
-45
Let r(n) = 3*n**2 + 685*n - 7873. Determine r(11).
25
Let c(n) = n**2 + 4*n - 27. What is c(-9)?
18
Let t(g) = -543*g + 2743. Determine t(5).
28
Let y(f) = 4*f**3 - 6*f**2 - 48*f + 10. Calculate y(5).
120
Let r(b) = 19*b**3 - 16*b**2 - 18*b + 29. Calculate r(2).
81
Let d(y) = -y**3 - 7*y**2 + 228*y + 12. What is d(12)?
12
Let t(c) = c**3 + 7*c**2 - 34*c - 266. Calculate t(-10).
-226
Let o(s) = 198*s - 27. Give o(0).
-27
Let q(g) = 12*g**3 + 13*g**2 + 25*g + 36. Give q(-3).
-246
Let n(f) = f**2 + 6*f - 249. What is n(-27)?
318
Let n(i) = 2*i**3 + 23*i**2 + 62*i - 26. Calculate n(-5).
-11
Let s(v) = v**2 - 149*v + 2683. What is s(21)?
-5
Let a(c) = -c**3 - c**2 - 9*c - 189. What is a(0)?
-189
Let g(q) = q**3 - 11*q**2 - 19*q - 150. What is g(13)?
-59
Let o(q) = q**3 + 42*q**2 - 9*q - 311. What is o(-42)?
67
Let f(k) = -k**3 - 10*k**2 + 31*k + 7. Give f(-13).
111
Let a(c) = -202*c + 3023. Determine a(15).
-7
Let r(t) = -t**3 - 119*t**2 - 3194*t + 166. What is r(-41)?
2
Let v(k) = 2*k**3 + 3*k**2 + 3*k + 27. Give v(-3).
-9
Let o(n) = 231*n + 1761. What is o(-8)?
-87
Let k(w) = 6*w**2 - 65*w - 77. Calculate k(12).
7
Let p(i) = 18*i - 892. What is p(49)?
-10
Let f(m) = m**3 + 30*m**2 + 160*m - 135. Give f(-8).
-7
Let u(a) = -a**3 - 46*a**2 - 70*a - 3228. Determine u(-46).
-8
Let m(g) = -74*g**2 + 302*g - 603. Give m(2).
-295
Let j(r) = -r**3 + 81*r**2 - 1042*r + 130. Give j(65).
0
Let i(l) = 2*l + 96. Give i(-26).
44
Let k(f) = 4*f - 101. Give k(49).
95
Let t(h) = 2*h**2 - 48*h + 91. Give t(2).
3
Let s(y) = -129*y**2 - 123*y - 3. Give s(2).
-765
Let r(m) = -m**3 - 8*m**2 + 145*m + 1051. Calculate r(-7).
-13
Let k(w) = -7*w + 189. Determine k(13).
98
Let c(v) = -v**3 + 7*v**2 - 37*v + 352. Give c(8).
-8
Let w(a) = -925*a - 68454. Calculate w(-74).
-4
Let m(d) = -d**3 + 8*d**2 + 17*d - 90. Determine m(9).
-18
Let s(k) = 1187*k - 1160. Determine s(1).
27
Let g(z) = 35*z - 76. Determine g(2).
-6
Let a(f) = f**3 + 41*f**2 + 38*f - 67. Calculate a(-40).
13
Let n(t) = 306*t - 624. Give n(2).
-12
Let z(f) = -6*f**3 + 104*f**2 - 34*f - 37. Determine z(17).
-37
Let x(c) = -c**2 - 21*c + 24. Give x(-14).
122
Let k(c) = -3*c + 97. Give k(-21).
160
Let m(z) = -z**3 + 4*z**2 - 2004*z - 6079. What is m(-3)?
-4
Let m(b) = -285*b - 1112. Give m(-4).
28
Let s(f) = 20*f + 192. What is s(25)?
692
Let b(f) = -17*f + 278. What is b(7)?
159
Let g(h) = 20827*h + 83297. What is g(-4)?
-11
Let t(a) = -9*a - 171. What is t(-1)?
-162
Let d(j) = 2*j**2 + 25*j - 31. What is d(-14)?
11
Let f(z) = -9427*z - 18861. Calculate f(-2).
-7
Let z(r) = 469*r + 3975. Calculate z(-9).
-246
Let c(t) = -65*t - 833. Calculate c(-13).
12
Let r(l) = 15*l - 481. Give r(35).
44
Let o(z) = 64*z**2 + 886*z + 44. Determine o(-14).
184
Let m(o) = o**3 + 22*o**2 - 49*o - 163. Calculate m(-24).
-139
Let n(g) = 2*g**3 - 34*g**2 - 10*g - 28. Determine n(17).
-198
Let q(m) = -m**3 - 7*m**2 - 12*m - 2. Calculate q(-6).
34
Let t(j) = -2*j**2 + 52*j + 41. Calculate t(34).
-503
Let a(v) = v**2 + 17*v + 44. Give a(-13).
-8
Let x(c) = 3*c**2 - 80*c + 5. What is x(0)?
5
Let s(c) = 2*c**2 - 36*c - 1646. Determine s(39).
-8
Let a(t) = 3337*t - 133477. What is a(40)?
3
Let a(u) = -u**2 + 5166*u - 556158. Calculate a(110).
2
Let i(w) = 1402*w + 9805. Calculate i(-7).
-9
Let s(h) = -581*h - 2365. Give s(-4).
-41
Let c(o) = -22*o**2 + 405*o - 164. Calculate c(18).
-2
Let n(g) = 177*g + 3198. Determine n(-18).
12
Let m(s) = -4476*s + 8958. What is m(2)?
6
Let k(p) = p**2 - 88*p + 1189. Calculate k(19).
-122
Let v(s) = -s - 56. What is v(-5)?
-51
Let c(a) = 2*a**3 - 2*a**2 - 5*a + 45. Determine c(-3).
-12
Let b(h) = -h**3 + 21*h**2 - 54*h - 401. Calculate b(16).
15
Let l(j) = -2*j**3 + 7*j**2 - 29*j + 86. Determine l(3).
8
Let q(g) = 2*g**3 - 14*g**2 + 2*g + 105. Calculate q(5).
15
Let a(y) = -2*y**2 + 103*y + 11075. Give a(-53).
-2
Let w(x) = x**2 - 281*x + 17813. Determine w(97).
-35
Let a(n) = 2*n**3 + 27*n**2 + 30*n - 79. Calculate a(-12).
-7
Let i(y) = y**3 - 45*y**2 + 192*y + 325. Give i(40).
5
Let n(j) = -j**3 - 21*j**2 - 99*j + 21. What is n(-8)?
-19
Let i(z) = z**3 + 5*z**2 + 10*z + 61. Determine i(-6).
-35
Let o(h) = -h**2 - 66*h - 625. What is o(-54)?
23
Let o(m) = -m**2 - 17*m + 48. Calculate o(-22).
-62
Let h(f) = -401*f + 1033. Calculate h(4).
-571
Let o(r) = -r + 167. Give o(30).
137
Let y(p) = -p**3 - 19*p**2 - 8*p + 189. Calculate y(-18).
9
Let v(u) = -412*u + 1741. Determine v(4).
93
Let l(q) = -16665*q + 116648. Give l(7).
-7
Let f(s) = 1566*s + 1536. Calculate f(-1).
-30
Let g(q) = -46*q + 285. Determine g(7).
-37
Let v(g) = -54*g - 149. Calculate v(-7).
229
Let p(u) = 377*u - 22. Calculate p(0).
-22
Let j(y) = -18*y**3 + y. What is j(-2)?
142
Let x(p) = -19*p**3 - 7*p**2 - 19*p - 8. Calculate x(-1).
23
Let r(t) = -14*t**2 + 593*t - 295. Calculate r(42).
-85
Let d(s) = 5*s**2 + 489*s + 10496. What is d(-66)?
2
Let w(c) = -915*c - 3779. Calculate w(-4).
-119
Let v(h) = h**3 + 19*h**2 - 5*h - 246. Give v(-4).
14
Let n(s) = 118*s - 7156. Calculate n(60).
-76
Let a(j) = -3*j**2 + 8*j + 29. Calculate a(-4).
-51
Let j(o) = 6*o**2 - 650*o - 1095. Determine j(110).
5
Let p(r) = 25*r**2 + 46*r + 129. What is p(-5)?
524
Let w(v) = 490*v + 3420. What is w(-7)?
-10
Let a(r) =